f 3108.
2, 3, 7, 37
List the prime factors of 800.
2, 5
What are the prime factors of 2208?
2, 3, 23
List the prime factors of 23144.
2, 11, 263
List the prime factors of 14059.
17, 827
What are the prime factors of 37026?
2, 3, 11, 17
What are the prime factors of 105726?
2, 3, 67, 263
List the prime factors of 5036.
2, 1259
What are the prime factors of 2522?
2, 13, 97
List the prime factors of 51282.
2, 3, 7, 11, 37
List the prime factors of 3118.
2, 1559
List the prime factors of 25965.
3, 5, 577
What are the prime factors of 34520?
2, 5, 863
List the prime factors of 734.
2, 367
List the prime factors of 831.
3, 277
What are the prime factors of 142?
2, 71
List the prime factors of 9811.
9811
List the prime factors of 93.
3, 31
List the prime factors of 4369.
17, 257
List the prime factors of 11802.
2, 3, 7, 281
What are the prime factors of 683?
683
List the prime factors of 979.
11, 89
What are the prime factors of 111?
3, 37
What are the prime factors of 13157?
59, 223
List the prime factors of 44567.
41, 1087
What are the prime factors of 7667?
11, 17, 41
List the prime factors of 111697.
111697
What are the prime factors of 667?
23, 29
What are the prime factors of 3808?
2, 7, 17
List the prime factors of 51.
3, 17
What are the prime factors of 29446?
2, 14723
List the prime factors of 70.
2, 5, 7
What are the prime factors of 19280?
2, 5, 241
What are the prime factors of 1387?
19, 73
What are the prime factors of 136?
2, 17
List the prime factors of 15893.
23, 691
List the prime factors of 63266.
2, 7, 4519
What are the prime factors of 2486?
2, 11, 113
What are the prime factors of 263?
263
What are the prime factors of 5589?
3, 23
List the prime factors of 1240.
2, 5, 31
What are the prime factors of 16516?
2, 4129
What are the prime factors of 8562?
2, 3, 1427
List the prime factors of 10801.
7, 1543
What are the prime factors of 4401?
3, 163
What are the prime factors of 651?
3, 7, 31
What are the prime factors of 944?
2, 59
What are the prime factors of 1677?
3, 13, 43
List the prime factors of 442.
2, 13, 17
What are the prime factors of 13775?
5, 19, 29
List the prime factors of 74785.
5, 14957
What are the prime factors of 3353?
7, 479
List the prime factors of 894.
2, 3, 149
What are the prime factors of 40139?
11, 41, 89
What are the prime factors of 205?
5, 41
List the prime factors of 26556.
2, 3, 2213
What are the prime factors of 144814?
2, 61, 1187
List the prime factors of 7895.
5, 1579
List the prime factors of 73.
73
What are the prime factors of 112661?
113, 997
List the prime factors of 5665.
5, 11, 103
List the prime factors of 229.
229
What are the prime factors of 4304?
2, 269
What are the prime factors of 11251?
11251
What are the prime factors of 913?
11, 83
List the prime factors of 502.
2, 251
List the prime factors of 2591.
2591
What are the prime factors of 62731?
62731
What are the prime factors of 39338?
2, 13, 17, 89
What are the prime factors of 12200?
2, 5, 61
What are the prime factors of 6179?
37, 167
List the prime factors of 1839.
3, 613
What are the prime factors of 76026?
2, 3, 12671
List the prime factors of 22593.
3, 17, 443
What are the prime factors of 44306?
2, 22153
What are the prime factors of 24499?
24499
What are the prime factors of 4069?
13, 313
What are the prime factors of 101695?
5, 11, 43
List the prime factors of 28954.
2, 31, 467
What are the prime factors of 38156?
2, 9539
List the prime factors of 37265.
5, 29, 257
What are the prime factors of 896?
2, 7
What are the prime factors of 947?
947
List the prime factors of 111.
3, 37
What are the prime factors of 13169?
13, 1013
What are the prime factors of 37734?
2, 3, 19, 331
What are the prime factors of 62722?
2, 11, 2851
What are the prime factors of 1076?
2, 269
List the prime factors of 987.
3, 7, 47
List the prime factors of 1283.
1283
What are the prime factors of 7068?
2, 3, 19, 31
What are the prime factors of 32339?
73, 443
List the prime factors of 416.
2, 13
What are the prime factors of 5949?
3, 661
List the prime factors of 13043.
13043
List the prime factors of 75638.
2, 59, 641
What are the prime factors of 81242?
2, 7, 829
List the prime factors of 34382.
2, 17191
What are the prime factors of 1377?
3, 17
List the prime factors of 1123.
1123
List the prime factors of 1297.
1297
What are the prime factors of 1642?
2, 821
List the prime factors of 17884.
2, 17, 263
What are the prime factors of 609?
3, 7, 29
List the prime factors of 179604.
2, 3, 1663
What are the prime factors of 109480?
2, 5, 7, 17, 23
What are the prime factors of 2906?
2, 1453
List the prime factors of 7845.
3, 5, 523
List the prime factors of 3863.
3863
What are the prime factors of 10753?
10753
List the prime factors of 35921.
17, 2113
List the prime factors of 1341.
3, 149
What are the prime factors of 2917?
2917
What are the prime factors of 73925?
5, 2957
What are the prime factors of 2708?
2, 677
What are the prime factors of 9334?
2, 13, 359
What are the prime factors of 50681?
59, 859
List the prime factors of 79641.
3, 8849
List the prime factors of 1541.
23, 67
List the prime factors of 11542.
2, 29, 199
What are the prime factors of 46220?
2, 5, 2311
What are the prime factors of 3461?
3461
List the prime factors of 47011.
53, 887
What are the prime factors of 1296?
2, 3
List the prime factors of 52126.
2, 67, 389
What are the prime factors of 5649?
3, 7, 269
What are the prime factors of 1668?
2, 3, 139
List the prime factors of 1574.
2, 787
What are the prime factors of 31147?
31147
List the prime factors of 4159.
4159
What are the prime factors of 1048?
2, 131
List the prime factors of 4449.
3, 1483
What are the prime factors of 1452?
2, 3, 11
What are the prime factors of 1059?
3, 353
What are the prime factors of 20869?
41, 509
What are the prime factors of 1752?
2, 3, 73
List the prime factors of 237.
3, 79
List the prime factors of 159.
3, 53
List the prime factors of 5590.
2, 5, 13, 43
What are the prime factors of 285?
3, 5, 19
What are the prime factors of 477?
3, 53
List the prime factors of 3640.
2, 5, 7, 13
What are the prime factors of 1740?
2, 3, 5, 29
List the prime factors of 451.
11, 41
What are the prime factors of 30688?
2, 7, 137
List the prime factors of 4636.
2, 19, 61
List the prime factors of 7639.
7639
List the prime factors of 1365.
3, 5, 7, 13
What are the prime factors of 1126?
2, 563
List the prime factors of 337.
337
What are the prime factors of 1429?
1429
What are the prime factors of 945?
3, 5, 7
What are the prime factors of 33583?
11, 43, 71
What are the prime factors of 2058?
2, 3, 7
List the prime factors of 29181.
3, 71, 137
List the prime factors of 104.
2, 13
What are the prime factors of 1153?
1153
List the prime factors of 46298.
2, 7, 3307
List the prime factors of 68333.
23, 2971
List the prime factors of 9779.
7, 11, 127
List the prime factors of 11260.
2, 5, 563
List the prime factors of 703.
19, 37
What are the prime factors of 8387?
8387
List the prime factors of 2220.
2, 3, 5, 37
What are the prime factors of 172298?
2, 7, 31, 397
What are the prime factors of 23761?
23761
What are the prime factors of 2901?
3, 967
What are the prime factors of 1982?
2, 991
What are the prime factors of 3418?
2, 1709
List the prime factors of 1863.
3, 23
List the prime factors of 6370.
2, 5, 7, 13
List the prime factors of 7425.
3, 5, 11
What are the prime factors of 735?
3, 5, 7
List the prime factors of 1004.
2, 251
What are the prime factors of 2468?
2, 617
What are the prime factors of 4508?
2, 7, 23
What are the prime factors of 6830?
2, 5, 683
What are the prime factors of 84748?
2, 21187
What are the prime factors of 1779?
3, 593
What are the prime factors of 44765?
5, 7, 1279
List the prime factors of 572.
2, 11, 13
What are the prime factors of 3560?
2, 5, 89
List the prime factors of 2666.
2, 31, 43
List the prime factors of 315.
3, 5, 7
What are the prime factors of 9011?
9011
List the prime factors of 3324.
2, 3, 277
List the prime factors of 52454.
2, 26227
List the prime factors of 4352.
2, 17
What are the prime factors of 273?
3, 7, 13
What are the prime factors of 64008?
2, 3, 7, 127
What are the prime factors of 11482?
2, 5741
List the prime factors of 1327.
1327
List the p